{"id":5,"date":"2023-08-06T15:00:32","date_gmt":"2023-08-06T15:00:32","guid":{"rendered":"https:\/\/geschenk-truhe.com\/index.php\/shop\/"},"modified":"2025-03-08T16:46:52","modified_gmt":"2025-03-08T14:46:52","slug":"shop","status":"publish","type":"page","link":"https:\/\/geschenk-truhe.com\/","title":{"rendered":"Shop"},"content":{"rendered":"<p><img decoding=\"async\" class=\"alignleft\" style=\"height: 300px; display: block;\" src=\"https:\/\/geschenk-truhe.com\/wp-content\/uploads\/2023\/09\/small-chest-1424451.jpg\" \/><\/p>\n<p>&nbsp;<\/p>\n<p style=\"display: block; text-align: center;\">Unser Shop ist eine wahrhaftige Geschenk-Truhe und bietet zahlreiche einzigartige und individualisierte Geschenke. Au\u00dferdem haben wir unsere Hobbys in die Erstellung der Geschenke einflie\u00dfen lassen. Dadurch entstehen Produkte, die Sie nirgendwo sonst finden k\u00f6nnen. Dabei geht es um <a>Armb\u00e4nder<\/a>, s\u00fc\u00dfe <a>Pl\u00fcschtiere<\/a>, sowie <a>fertiggestellte Puzzles<\/a>. Die M\u00f6glichkeiten der Individualisierung stehen direkt in der Produktbeschreibung. St\u00f6bern Sie doch unsere Geschenk-Truhe durch, um das richtige Geschenk auszusuchen!<\/p>\n<p>&nbsp;<\/p>\n<p>&nbsp;<\/p>\n<p>[etsy_shop_listings rows=&#8220;2&#8243; columns=&#8220;10&#8243; slideshow=&#8220;None&#8220;][\/etsy_shop_listings]<\/p>\n<p>&nbsp;<\/p>\n","protected":false},"excerpt":{"rendered":"<p>&nbsp; Unser Shop ist eine wahrhaftige Geschenk-Truhe und bietet zahlreiche einzigartige und individualisierte Geschenke. Au\u00dferdem haben wir unsere Hobbys in die Erstellung der Geschenke einflie\u00dfen lassen. Dadurch entstehen Produkte, die Sie nirgendwo sonst finden k\u00f6nnen. Dabei geht es um Armb\u00e4nder, s\u00fc\u00dfe Pl\u00fcschtiere, sowie fertiggestellte Puzzles. Die M\u00f6glichkeiten der Individualisierung stehen direkt in der Produktbeschreibung. St\u00f6bern&hellip;<\/p>\n<p class=\"more-link\"><a href=\"https:\/\/geschenk-truhe.com\/\" class=\"themebutton\">Read More<\/a><\/p>\n","protected":false},"author":1,"featured_media":43,"parent":0,"menu_order":0,"comment_status":"closed","ping_status":"closed","template":"","meta":{"_sitemap_exclude":false,"_sitemap_priority":"","_sitemap_frequency":"","footnotes":""},"categories":[],"tags":[],"class_list":["post-5","page","type-page","status-publish","has-post-thumbnail","hentry"],"_links":{"self":[{"href":"https:\/\/geschenk-truhe.com\/index.php\/wp-json\/wp\/v2\/pages\/5","targetHints":{"allow":["GET"]}}],"collection":[{"href":"https:\/\/geschenk-truhe.com\/index.php\/wp-json\/wp\/v2\/pages"}],"about":[{"href":"https:\/\/geschenk-truhe.com\/index.php\/wp-json\/wp\/v2\/types\/page"}],"author":[{"embeddable":true,"href":"https:\/\/geschenk-truhe.com\/index.php\/wp-json\/wp\/v2\/users\/1"}],"replies":[{"embeddable":true,"href":"https:\/\/geschenk-truhe.com\/index.php\/wp-json\/wp\/v2\/comments?post=5"}],"version-history":[{"count":20,"href":"https:\/\/geschenk-truhe.com\/index.php\/wp-json\/wp\/v2\/pages\/5\/revisions"}],"predecessor-version":[{"id":188,"href":"https:\/\/geschenk-truhe.com\/index.php\/wp-json\/wp\/v2\/pages\/5\/revisions\/188"}],"wp:featuredmedia":[{"embeddable":true,"href":"https:\/\/geschenk-truhe.com\/index.php\/wp-json\/wp\/v2\/media\/43"}],"wp:attachment":[{"href":"https:\/\/geschenk-truhe.com\/index.php\/wp-json\/wp\/v2\/media?parent=5"}],"wp:term":[{"taxonomy":"category","embeddable":true,"href":"https:\/\/geschenk-truhe.com\/index.php\/wp-json\/wp\/v2\/categories?post=5"},{"taxonomy":"post_tag","embeddable":true,"href":"https:\/\/geschenk-truhe.com\/index.php\/wp-json\/wp\/v2\/tags?post=5"}],"curies":[{"name":"wp","href":"https:\/\/api.w.org\/{rel}","templated":true}]}}